Let p(v) = -11*v + 25. Give p(c).
-8
Let j(v) = -2*v**3 + 47*v**2 - 143*v + 48. Let n be j(20). Let c(i) = i**2 + 10*i - 19. Calculate c(n).
5
Let t(q) = -q**2 - 5*q + 3. Let a be t(1). Let h be -3 - a/(15/20). Let o(s) = -s + 1. What is o(h)?
0
Let p(l) = l**2 - 2*l - 4. Let w be p(4). Let q(n) be the third derivative of 0 + 1/3*n**3 - 1/60*n**5 + 1/24*n**4 - 16*n**2 + 0*n. Give q(w).
-10
Let f = 5091 - 5089. Let h(x) = 8*x**3 + 3*x - 2. Determine h(f).
68
Let x = 15 - 24. Let n be (2 + 15/x + -27)*-3. Let w = n + -85. Let i(q) = -2*q - 7. Calculate i(w).
3
Let u be 27/1*(-1 - -2). Suppose 5 + 1 = 2*q, 0 = -5*o + 2*q + 104. Let n = o - u. Let z(x) = -x**2 - 5*x + 4. What is z(n)?
4
Let k(g) = 8*g + 459*g**3 + 456*g**3 + 3*g**2 + 6*g**2 - 89 + 94 - 914*g**3. Let t = -2 - 6. Calculate k(t).
5
Let q(p) = 2*p**3 - 20*p**2 + 7*p - 10. Let a(c) = -5*c**3 + 41*c**2 - 15*c + 19. Let j(l) = 3*a(l) + 7*q(l). Calculate j(-17).
-81
Let d(g) = -6*g**2 + 42*g + 29. Let k(s) = 35*s**2 - 211*s - 144. Let u(l) = 11*d(l) + 2*k(l). Determine u(-9).
-5
Let p be (-469)/28 + (-49)/(-28). Let z(c) = c + 4. Calculate z(p).
-11
Let k(i) be the third derivative of i**5/60 + 13*i**4/12 + 6*i**3 - i**2 + 3*i - 517. Calculate k(-18).
-108
Let z(f) = -7*f**2 + 1170*f + 1001. Let h be z(168). Let r(j) = -j - 6. Let i(w) = -4*w - 19. Let b(k) = 3*i(k) - 8*r(k). Calculate b(h).
19
Suppose -18 - 14 - 7 = -13*h. Let a be 12/(-8)*(-4)/3. Let o(y) = 2*y - a*y**2 - 1 + 6 - 2. Give o(h).
-9
Let c(d) = -2*d + 4. Let w be c(6). Let u(p) = -18*p + 30*p - 13*p + 1. Let o(h) = -3*h - 1. Let t(k) = 2*o(k) - 4*u(k). Determine t(w).
10
Let f = 631 + -623. Suppose 2*w = 5*p, 5*w + 8 = 2*p + 29. Let b(m) = 0*m - f*m - m**p - 23 - m**3 + 2*m + 7*m. Calculate b(0).
-23
Let a(y) = 2*y**2 + 96*y - 39. Let l(j) = j**2 + 37*j - 13. Let c(r) = 3*a(r) - 8*l(r). What is c(-4)?
-13
Let g(q) be the second derivative of -q**4/24 - q**3/2 - q**2/2 - 17*q. Let v(o) be the first derivative of g(o). Let l be (-462)/105 + 2/5. Give v(l).
1
Let a(i) be the third derivative of -i**6/120 - i**5/12 + i**4/6 - i**3/3 + 43723*i**2. Let w(p) = -5*p**2 - 2*p + 1. Let u be w(1). Calculate a(u).
10
Let p(w) = w + 1. Let d be p(-3). Let s(y) be the first derivative of -y**4/24 - 59*y**2/2 - 2*y + 243. Let a(n) be the second derivative of s(n). What is a(d)?
2
Let b(r) = 5*r + 6. Let q(h) be the third derivative of 1/60*h**5 - 2/3*h**3 - 7*h**2 + 1/2*h**4 + 0 + 0*h. Let f be q(-12). What is b(f)?
-14
Let p(i) = 0*i - 6*i**2 + 3*i**2 + i + 1. Let y = -141 + 147. Suppose -16 + y = -5*d. Determine p(d).
-9
Let c(t) = -t**3 + 44*t**2 - 87*t + 128. Let u be c(42). Suppose -2*b + 4*b = 4. Let q(n) = 15*n + n**b - 8*n - 8*n + 1 - 2*n**3. Give q(u).
-13
Let o(z) = -149*z - 594. Let m be o(-4). Let c(j) = -38*j - 10. Determine c(m).
-86
Let g(r) = 7*r - 8. Let m(p) = -4*p + 4. Let t(a) = 3*g(a) + 5*m(a). Let h = -289 - -481. Let x = h + -186. Calculate t(x).
2
Let s(j) = 10*j**2 - 20*j - 3. Let i(t) = 12*t**2 - 21*t - 6. Let v(l) = 3*i(l) - 4*s(l). What is v(6)?
-48
Suppose y - 1491 = -1493. Let o(n) = 3 - 4*n + 9*n + 0*n. What is o(y)?
-7
Let u(h) = -3*h + 21. Let a = -21 - -28. Give u(a).
0
Let h(i) = -2*i + 1. Suppose k + 208 = 14*k. Suppose 11*w = k*w - 10. Determine h(w).
-3
Let g be (-4)/10 + (-1 + 0)*312/120. Let n(p) be the third derivative of -p**5/60 + p**4/24 + p**3/6 - p**2. Give n(g).
-11
Let i be 6/21 - ((-780)/42)/(-2). Let o(k) be the second derivative of -k**4/12 - k**3 + 7*k**2/2 + 12*k. Calculate o(i).
-20
Let p = 48 - 44. Suppose -p*v + 0*v = 0. Suppose 0 = 5*h - 3*z - 0*z - 28, v = 2*h - 3*z - 13. Let u(o) = o**2 - 8*o + 6. Determine u(h).
-9
Let m(v) = -5*v + 217. Let x = -32652 + 32697. Give m(x).
-8
Let j be 2*(-1)/2 + 0. Let w = -5 + j. Let y(z) be the first derivative of -z**4/4 - 4*z**3/3 + 3*z**2 - 8*z + 122. Calculate y(w).
28
Suppose -153 - 75 = -34*o + 44. Let m(b) = 11*b - 81. Calculate m(o).
7
Let p(q) = 19*q + 8. Let b(g) = 54*g + 23. Suppose -24*o + 12 = -26*o. Let z(i) = o*b(i) + 17*p(i). Determine z(-6).
4
Let u(w) = w**3 - 30*w**2 + 6. Let b be u(30). Let v(f) = 124*f**3 - b*f - 9*f**2 + 2*f - 9 - 4*f - 125*f**3. Determine v(-8).
-9
Let w(b) be the second derivative of b**5/20 + b**4/2 - 7*b**3/6 + 5*b**2/2 + b. Suppose 113*a + 3167 = 2376. Calculate w(a).
5
Let a(d) = -d**3 + 9*d**2 - 4*d + 5. Let w = 431 + -421. Let v be (-99)/(-165) - (-74)/w. Give a(v).
37
Let b = 18924 - 18929. Let q(s) = 3*s**2 + 13*s - 3. Give q(b).
7
Let s(y) = y**3 + 25837723 - 25837740 + 2*y + 6*y**2 - y. Calculate s(-5).
3
Let t(r) = -r**2 + 20*r + 10. Let v = -3 + 18. Let g be t(v). Let i(f) = -85*f + g*f + 2*f**3 - 1. Give i(-1).
-3
Let z(m) = 29*m + 162. Let q(u) = -16. Let g(b) = -q(b) + z(b). What is g(-6)?
4
Let p(s) = -6*s**3 - 1244*s + 1247*s - s**3 - 3. Give p(2).
-53
Let z(h) = -h**3 - 5*h**2 + h + 12. Let b be z(-3). Let i(v) be the third derivative of -v**4/24 - 13*v**3/6 + 37*v**2 + 3. Determine i(b).
-4
Let l(s) = -s**3 - 9*s**2 - 8*s - 180. Let c be l(-10). Let j(d) = 2*d + 4. Determine j(c).
4
Let f(b) = -21830418*b**3 - 4*b**2 - b + 21830403*b**3 + 0*b**2 + 1. Give f(-1).
13
Let n(f) be the first derivative of -f**3/3 + 2*f**2 - 4*f - 394. Calculate n(-6).
-64
Let z(v) = v**2 - 1. Let a be (-7)/((-21)/(-6)) - (2 + -5). Let h(c) = 5*c**2 + 9*c - 6. Let x(g) = a*h(g) - 4*z(g). Calculate x(-8).
-10
Let p(h) be the third derivative of h**5/120 + 43*h**3 + 58*h**2 - 1. Let q(z) be the first derivative of p(z). Give q(-12).
-12
Let n = 132 + -130. Let y be 396/88 + (-7)/n. Let h(b) = 18*b**3 - b**2 - b + 1. Calculate h(y).
17
Let t(g) be the second derivative of -1/12*g**4 - 1 + 7/2*g**2 + 4/3*g**3 + 2*g. Calculate t(9).
-2
Let t(z) = -z - 24. Let l(r) = r**3 + 2. Let g be l(-2). Let p be t(g). Let i = p - -12. Let b(v) = v**2 + 6*v + 8. Determine b(i).
8
Suppose 906 = -5*g - s - s, 2*g + 354 = 2*s. Let k = g - -177. Let o(l) = -2*l**2 - 3*l + 1. Give o(k).
-8
Let r(y) = 2*y - 4*y + y**2 + y - 7. Let o be -5 - (10/(-15) - -1 - (-2)/(-6)). Determine r(o).
23
Let y = 2 - 7. Let n(p) = 6*p - 12. Let r(o) = -5*o + 11. Let z be (-2)/(-5)*290/(-29). Let x(q) = z*n(q) - 5*r(q). Calculate x(y).
-12
Let n(h) = 3*h + 9. Suppose -4*g = -0*g. Let s be n(g). Let b(i) = 3 + 10 + s - 5*i**3 - 21. Determine b(-1).
6
Let f(u) be the first derivative of u**4/4 + 3*u**3 + 5*u**2 - u + 170. Let r be (12 + -5)/(0 - -1 - 2). Calculate f(r).
27
Let p(q) = 7*q**3 + 48*q**2 + 4*q + 81. Let c be p(-7). Let l(m) = 9 + 5 - 2 - m. What is l(c)?
8
Let l(h) = -h**2 - 14*h - 2. Let u be ((-2)/(-4)*0)/(-2). Suppose -55 = 2*k + 3*k + m, u = -k - 4*m + 8. Determine l(k).
22
Let u(n) = -77*n - 29. Let i(q) = 43*q + 15. Let f(g) = -9*i(g) - 5*u(g). Give f(3).
4
Let u(j) be the first derivative of -2*j**2 - 10*j - 695. What is u(-10)?
30
Let v(b) = 11*b**2 + b - 8. Let r be v(6). Suppose 88*f = 96*f - 24. Let a(l) = -394*l - l**2 + l**3 + f*l**2 - 4 + r*l. What is a(-3)?
-13
Let t(h) = 4*h**2 + 6*h + 5. Let r(p) = -17*p - p**2 - 20 - 10*p**2 + 6. Let g(i) = -3*r(i) - 8*t(i). Calculate g(-2).
0
Let j be 52/(-104)*16/((-1)/1). Let w be (-26)/j + (2 - 22/8). Let l(m) = -m**2 - 3*m + 5. Give l(w).
1
Let k(v) be the first derivative of 9/2*v**2 + 6*v + 1/3*v**3 + 9. Suppose -62*w = -69*w - 49. Determine k(w).
-8
Suppose -5*w = 2*y - 11, w + 2 = 3. Let a(o) = -o**2 + 6*o - 12. Let t(b) = -2*b**2 + 13*b - 20. Let p(u) = y*t(u) - 5*a(u). Give p(10).
-10
Let x(p) = -6*p**2 - 4*p - 2. Let b(n) = -3*n**2 + 28*n + 29. Let u(c) = -c**2 - 13*c - 37. Let m be u(-9). Let d be b(m). What is x(d)?
-18
Let n(c) = -c**3 + 8*c**2 + 2*c + 3. Suppose 0 = -4*r - s + 20, 0 = 5*r - 43*s + 44*s - 27. Calculate n(r).
66
Let z = -432 + 440. Let t(p) = -p**3 + p**2 - p + 1. Let y(j) = 4*j**3 + 4*j**2 - 3*j + 1. Let w(o) = 5*t(o) + y(o). Give w(z).
6
Let c(h) be the second derivative of 1/2*h**2 - 1/12*h**4 - 1/20*h**5 + 17*h + 2/3*h**3 + 0. Let x be -3*(1 - 0 - 0). Give c(x).
7
Suppose -13*s + 57 = -10*s. Let n(v) = -2*v + 35. Let a be n(s). Let k(j) = -j**2. What is k(a)?
-9
Let m(h) be the third derivative of -h**6/120 - 7*h**5/20 + h**4 + 23*h**3/3 + 9*h**2 - 73. What is m(-22)?
2
Suppose 0*b - 3 = b. Let m(u) = 0*u - 32 - 13 - 3*u + 76 + 3*u**2 - 34. Calculate